{"id":1014,"date":"2024-10-03T20:02:22","date_gmt":"2024-10-03T20:02:22","guid":{"rendered":"https:\/\/clinicapresage.com.uy\/respaldo\/?page_id=1014"},"modified":"2024-10-14T15:52:56","modified_gmt":"2024-10-14T15:52:56","slug":"descargo-de-responsabilidad","status":"publish","type":"page","link":"https:\/\/clinicapresage.com.uy\/respaldo\/descargo-de-responsabilidad\/","title":{"rendered":"Descargo de Responsabilidad"},"content":{"rendered":"<div class=\"wpb-content-wrapper\">[vc_row][vc_column][vc_column_text css=\u00bb\u00bb]\n<p><strong>En Cl\u00ednica Est\u00e9tica Pr\u00e9sage<\/strong><sup style=\"font-size: 0.7em;\">\u00ae<\/sup>, nos comprometemos a ofrecer tratamientos m\u00e9dicos y est\u00e9ticos con los m\u00e1s altos est\u00e1ndares de calidad, respaldados por nuestro equipo m\u00e9dico especializado y la tecnolog\u00eda de vanguardia. Sin embargo, es importante tener en cuenta que los resultados de nuestros tratamientos pueden variar de un paciente a otro, dependiendo de factores individuales como la salud general, la condici\u00f3n de la piel, y los h\u00e1bitos de cada paciente.<\/p>\n<p>Nuestro personal m\u00e9dico y auxiliar se actualiza constantemente en aparatolog\u00eda y las t\u00e9cnicas m\u00e1s efectivas, siempre aprobadas por el Ministerio de Salud P\u00fablica.<\/p>\n<p>Todos los procedimientos realizados en nuestra cl\u00ednica son ambulatorios.<\/p>\n[\/vc_column_text][\/vc_column][\/vc_row]\n<\/div>","protected":false},"excerpt":{"rendered":"<p>[vc_row][vc_column][vc_column_text css=\u00bb\u00bb] En Cl\u00ednica Est\u00e9tica Pr\u00e9sage\u00ae, nos comprometemos a ofrecer tratamientos m\u00e9dicos y est\u00e9ticos con los m\u00e1s altos est\u00e1ndares de calidad, respaldados por nuestro equipo m\u00e9dico especializado y la tecnolog\u00eda de vanguardia. Sin embargo, es importante tener en cuenta que los resultados de nuestros tratamientos pueden variar de un paciente a otro, dependiendo de factores&hellip;<\/p>\n","protected":false},"author":1,"featured_media":0,"parent":0,"menu_order":0,"comment_status":"closed","ping_status":"closed","template":"","meta":{"_joinchat":[],"footnotes":""},"class_list":["post-1014","page","type-page","status-publish","hentry","entry","no-media"],"yoast_head":"<!-- This site is optimized with the Yoast SEO plugin v25.5 - https:\/\/yoast.com\/wordpress\/plugins\/seo\/ -->\n<title>Descargo de Responsabilidad - Clinica Presage<\/title>\n<meta name=\"robots\" content=\"index, follow, max-snippet:-1, max-image-preview:large, max-video-preview:-1\" \/>\n<link rel=\"canonical\" href=\"https:\/\/clinicapresage.com.uy\/respaldo\/descargo-de-responsabilidad\/\" \/>\n<meta property=\"og:locale\" content=\"es_ES\" \/>\n<meta property=\"og:type\" content=\"article\" \/>\n<meta property=\"og:title\" content=\"Descargo de Responsabilidad - Clinica Presage\" \/>\n<meta property=\"og:description\" content=\"[vc_row][vc_column][vc_column_text css=\u00bb\u00bb] En Cl\u00ednica Est\u00e9tica Pr\u00e9sage\u00ae, nos comprometemos a ofrecer tratamientos m\u00e9dicos y est\u00e9ticos con los m\u00e1s altos est\u00e1ndares de calidad, respaldados por nuestro equipo m\u00e9dico especializado y la tecnolog\u00eda de vanguardia. Sin embargo, es importante tener en cuenta que los resultados de nuestros tratamientos pueden variar de un paciente a otro, dependiendo de factores&hellip;\" \/>\n<meta property=\"og:url\" content=\"https:\/\/clinicapresage.com.uy\/respaldo\/descargo-de-responsabilidad\/\" \/>\n<meta property=\"og:site_name\" content=\"Clinica Presage\" \/>\n<meta property=\"article:modified_time\" content=\"2024-10-14T15:52:56+00:00\" \/>\n<meta name=\"twitter:card\" content=\"summary_large_image\" \/>\n<meta name=\"twitter:label1\" content=\"Tiempo de lectura\" \/>\n\t<meta name=\"twitter:data1\" content=\"1 minuto\" \/>\n<script type=\"application\/ld+json\" class=\"yoast-schema-graph\">{\"@context\":\"https:\/\/schema.org\",\"@graph\":[{\"@type\":\"WebPage\",\"@id\":\"https:\/\/clinicapresage.com.uy\/respaldo\/descargo-de-responsabilidad\/\",\"url\":\"https:\/\/clinicapresage.com.uy\/respaldo\/descargo-de-responsabilidad\/\",\"name\":\"Descargo de Responsabilidad - Clinica Presage\",\"isPartOf\":{\"@id\":\"https:\/\/clinicapresage.com.uy\/respaldo\/#website\"},\"datePublished\":\"2024-10-03T20:02:22+00:00\",\"dateModified\":\"2024-10-14T15:52:56+00:00\",\"breadcrumb\":{\"@id\":\"https:\/\/clinicapresage.com.uy\/respaldo\/descargo-de-responsabilidad\/#breadcrumb\"},\"inLanguage\":\"es\",\"potentialAction\":[{\"@type\":\"ReadAction\",\"target\":[\"https:\/\/clinicapresage.com.uy\/respaldo\/descargo-de-responsabilidad\/\"]}]},{\"@type\":\"BreadcrumbList\",\"@id\":\"https:\/\/clinicapresage.com.uy\/respaldo\/descargo-de-responsabilidad\/#breadcrumb\",\"itemListElement\":[{\"@type\":\"ListItem\",\"position\":1,\"name\":\"Portada\",\"item\":\"https:\/\/clinicapresage.com.uy\/respaldo\/\"},{\"@type\":\"ListItem\",\"position\":2,\"name\":\"Descargo de Responsabilidad\"}]},{\"@type\":\"WebSite\",\"@id\":\"https:\/\/clinicapresage.com.uy\/respaldo\/#website\",\"url\":\"https:\/\/clinicapresage.com.uy\/respaldo\/\",\"name\":\"Clinica Presage\",\"description\":\"ESPECIALIZADOS EN MEDICINA ESTETICA\",\"publisher\":{\"@id\":\"https:\/\/clinicapresage.com.uy\/respaldo\/#organization\"},\"potentialAction\":[{\"@type\":\"SearchAction\",\"target\":{\"@type\":\"EntryPoint\",\"urlTemplate\":\"https:\/\/clinicapresage.com.uy\/respaldo\/?s={search_term_string}\"},\"query-input\":{\"@type\":\"PropertyValueSpecification\",\"valueRequired\":true,\"valueName\":\"search_term_string\"}}],\"inLanguage\":\"es\"},{\"@type\":\"Organization\",\"@id\":\"https:\/\/clinicapresage.com.uy\/respaldo\/#organization\",\"name\":\"Clinica Presage\",\"url\":\"https:\/\/clinicapresage.com.uy\/respaldo\/\",\"logo\":{\"@type\":\"ImageObject\",\"inLanguage\":\"es\",\"@id\":\"https:\/\/clinicapresage.com.uy\/respaldo\/#\/schema\/logo\/image\/\",\"url\":\"https:\/\/clinicapresage.com.uy\/respaldo\/wp-content\/uploads\/2024\/10\/Logos-presage-color.png\",\"contentUrl\":\"https:\/\/clinicapresage.com.uy\/respaldo\/wp-content\/uploads\/2024\/10\/Logos-presage-color.png\",\"width\":600,\"height\":581,\"caption\":\"Clinica Presage\"},\"image\":{\"@id\":\"https:\/\/clinicapresage.com.uy\/respaldo\/#\/schema\/logo\/image\/\"},\"sameAs\":[\"https:\/\/www.instagram.com\/clinicapresage\/\"]}]}<\/script>\n<!-- \/ Yoast SEO plugin. -->","yoast_head_json":{"title":"Descargo de Responsabilidad - Clinica Presage","robots":{"index":"index","follow":"follow","max-snippet":"max-snippet:-1","max-image-preview":"max-image-preview:large","max-video-preview":"max-video-preview:-1"},"canonical":"https:\/\/clinicapresage.com.uy\/respaldo\/descargo-de-responsabilidad\/","og_locale":"es_ES","og_type":"article","og_title":"Descargo de Responsabilidad - Clinica Presage","og_description":"[vc_row][vc_column][vc_column_text css=\u00bb\u00bb] En Cl\u00ednica Est\u00e9tica Pr\u00e9sage\u00ae, nos comprometemos a ofrecer tratamientos m\u00e9dicos y est\u00e9ticos con los m\u00e1s altos est\u00e1ndares de calidad, respaldados por nuestro equipo m\u00e9dico especializado y la tecnolog\u00eda de vanguardia. Sin embargo, es importante tener en cuenta que los resultados de nuestros tratamientos pueden variar de un paciente a otro, dependiendo de factores&hellip;","og_url":"https:\/\/clinicapresage.com.uy\/respaldo\/descargo-de-responsabilidad\/","og_site_name":"Clinica Presage","article_modified_time":"2024-10-14T15:52:56+00:00","twitter_card":"summary_large_image","twitter_misc":{"Tiempo de lectura":"1 minuto"},"schema":{"@context":"https:\/\/schema.org","@graph":[{"@type":"WebPage","@id":"https:\/\/clinicapresage.com.uy\/respaldo\/descargo-de-responsabilidad\/","url":"https:\/\/clinicapresage.com.uy\/respaldo\/descargo-de-responsabilidad\/","name":"Descargo de Responsabilidad - Clinica Presage","isPartOf":{"@id":"https:\/\/clinicapresage.com.uy\/respaldo\/#website"},"datePublished":"2024-10-03T20:02:22+00:00","dateModified":"2024-10-14T15:52:56+00:00","breadcrumb":{"@id":"https:\/\/clinicapresage.com.uy\/respaldo\/descargo-de-responsabilidad\/#breadcrumb"},"inLanguage":"es","potentialAction":[{"@type":"ReadAction","target":["https:\/\/clinicapresage.com.uy\/respaldo\/descargo-de-responsabilidad\/"]}]},{"@type":"BreadcrumbList","@id":"https:\/\/clinicapresage.com.uy\/respaldo\/descargo-de-responsabilidad\/#breadcrumb","itemListElement":[{"@type":"ListItem","position":1,"name":"Portada","item":"https:\/\/clinicapresage.com.uy\/respaldo\/"},{"@type":"ListItem","position":2,"name":"Descargo de Responsabilidad"}]},{"@type":"WebSite","@id":"https:\/\/clinicapresage.com.uy\/respaldo\/#website","url":"https:\/\/clinicapresage.com.uy\/respaldo\/","name":"Clinica Presage","description":"ESPECIALIZADOS EN MEDICINA ESTETICA","publisher":{"@id":"https:\/\/clinicapresage.com.uy\/respaldo\/#organization"},"potentialAction":[{"@type":"SearchAction","target":{"@type":"EntryPoint","urlTemplate":"https:\/\/clinicapresage.com.uy\/respaldo\/?s={search_term_string}"},"query-input":{"@type":"PropertyValueSpecification","valueRequired":true,"valueName":"search_term_string"}}],"inLanguage":"es"},{"@type":"Organization","@id":"https:\/\/clinicapresage.com.uy\/respaldo\/#organization","name":"Clinica Presage","url":"https:\/\/clinicapresage.com.uy\/respaldo\/","logo":{"@type":"ImageObject","inLanguage":"es","@id":"https:\/\/clinicapresage.com.uy\/respaldo\/#\/schema\/logo\/image\/","url":"https:\/\/clinicapresage.com.uy\/respaldo\/wp-content\/uploads\/2024\/10\/Logos-presage-color.png","contentUrl":"https:\/\/clinicapresage.com.uy\/respaldo\/wp-content\/uploads\/2024\/10\/Logos-presage-color.png","width":600,"height":581,"caption":"Clinica Presage"},"image":{"@id":"https:\/\/clinicapresage.com.uy\/respaldo\/#\/schema\/logo\/image\/"},"sameAs":["https:\/\/www.instagram.com\/clinicapresage\/"]}]}},"_links":{"self":[{"href":"https:\/\/clinicapresage.com.uy\/respaldo\/wp-json\/wp\/v2\/pages\/1014","targetHints":{"allow":["GET"]}}],"collection":[{"href":"https:\/\/clinicapresage.com.uy\/respaldo\/wp-json\/wp\/v2\/pages"}],"about":[{"href":"https:\/\/clinicapresage.com.uy\/respaldo\/wp-json\/wp\/v2\/types\/page"}],"author":[{"embeddable":true,"href":"https:\/\/clinicapresage.com.uy\/respaldo\/wp-json\/wp\/v2\/users\/1"}],"replies":[{"embeddable":true,"href":"https:\/\/clinicapresage.com.uy\/respaldo\/wp-json\/wp\/v2\/comments?post=1014"}],"version-history":[{"count":8,"href":"https:\/\/clinicapresage.com.uy\/respaldo\/wp-json\/wp\/v2\/pages\/1014\/revisions"}],"predecessor-version":[{"id":1256,"href":"https:\/\/clinicapresage.com.uy\/respaldo\/wp-json\/wp\/v2\/pages\/1014\/revisions\/1256"}],"wp:attachment":[{"href":"https:\/\/clinicapresage.com.uy\/respaldo\/wp-json\/wp\/v2\/media?parent=1014"}],"curies":[{"name":"wp","href":"https:\/\/api.w.org\/{rel}","templated":true}]}}